2
What are the prime factors of 520/50 - (-3)/5?
11
Let v = 54 + 26. What are the prime factors of v?
2, 5
Let y be -4 + (1 - -2) - -7. Let b = y + 22. What are the prime factors of b?
2, 7
Let h(l) = l**3 - 7*l**2 - 6*l - 2. Let z be h(8). List the prime factors of 4/z + 61/7.
3
Let g(i) = 2*i**2 - i. Suppose q + 1 = -3*y - 9, 4 = 2*q - 2*y. List the prime factors of g(q).
3
Let r(n) = 2*n**2 - 7*n. Let p be r(4). Suppose 42 = 5*w - p*g, 3*w - g = -2*g + 15. What are the prime factors of w?
2, 3
Let i(z) = z + 5. Let b be i(-6). Let f(n) = -11*n. What are the prime factors of f(b)?
11
Suppose 0 = -5*p - 5*i + 15, -p - p - 4*i + 10 = 0. Let c(o) = 7*o + 1. What are the prime factors of c(p)?
2
Let l(b) = 7*b**3 - b**2 + 2*b. What are the prime factors of l(2)?
2, 7
List the prime factors of -4*(-2 + -1*10) - 0.
2, 3
Suppose -9*j + 7*j - 6 = 0. List the prime factors of (-3)/(j*(-3)/(-60)).
2, 5
Let a = -11 + 6. Let d = a - -8. What are the prime factors of d?
3
Let d be (5/(-3) + 1)*-18. Suppose -3*s + 13 = 4*a, -d = -5*a + 3*a + 4*s. Suppose -j + 2*f + 5 = 0, f - 4*f = -j + a. List the prime factors of j.
7
Suppose 2*f + 0*f - 124 = -3*c, -310 = -5*f + 5*c. List the prime factors of f.
2, 31
Let h(z) = 5*z**2 - 17*z + 15. What are the prime factors of h(6)?
3, 31
Suppose 123 = -6*b + 3*b. Let u = b - -62. What are the prime factors of u?
3, 7
Let y = 79 - -61. List the prime factors of y.
2, 5, 7
Let m = 108 - 52. Suppose -m = -4*i + 2*i. List the prime factors of i.
2, 7
Let j = 11 - 8. Let w be j + 1 + -1 + -1. Suppose -2*g + w = -4. What are the prime factors of g?
3
Let m(t) = 2*t**3 + 5*t**2 - 3*t - 1. Suppose -2*c + 4*c = -10. Let l be m(c). List the prime factors of (-1)/(2 + l/54).
2, 3
Let h = 23 - 18. Suppose 3*n = -5*w + 72, -h*n + 0*w + 133 = 4*w. List the prime factors of n.
29
Let i be 8 + (-2 + -1)*1. Let m(t) = 2*t - 4. Let l(g) = -4*g + 9. Let h(d) = -3*l(d) - 5*m(d). What are the prime factors of h(i)?
3
Let c = 1 + 1. Let f = 0 + c. What are the prime factors of f?
2
Let u = 74 - 20. List the prime factors of u.
2, 3
Let b(m) = -m + 3. Let f be b(0). Suppose f*v = -2*v + 25. What are the prime factors of v?
5
Let q = 23 + 14. Suppose -h + q = -r, 3*h - 3*r - 78 = h. What are the prime factors of h?
3, 11
Let s be (32/(-12))/(1/(-6)). Suppose 4*w = -n + s, -4*w = -5*n + 84 - 4. List the prime factors of n.
2
Let u(m) = -m + 16. Let h be u(8). Suppose 0 = -t + h + 1. What are the prime factors of t?
3
Suppose 4*z = l, l + 3*z - 19 - 16 = 0. What are the prime factors of l?
2, 5
Suppose 4*n + 4*i = 84, 4*i = 2*n + 2*i - 46. List the prime factors of n.
2, 11
Let l(i) = -2*i + 2. Let p be l(-4). Suppose -4*r - 2 = -5*j - 5, -5*j - p = -5*r. Let b = r - 5. What are the prime factors of b?
2
Let a be 7 - -4*4/(-8). Suppose -a*t + 58 = -27. List the prime factors of t.
17
Suppose -4*c = -0*c - 12. Suppose -j + 32 = c*j. List the prime factors of j.
2
Suppose 4*r + 0*r + 6 = -u, 2*u = -5*r - 3. Let z = -4 + u. Suppose -z*l + 23 = 3*g - 11, 37 = 3*l + g. List the prime factors of l.
11
Let l = -51 - -97. What are the prime factors of l?
2, 23
Let b(t) = t - 5. Let v be b(0). Let c be (-2)/v - (-174)/15. Suppose 0 = -4*p + 5*p - c. What are the prime factors of p?
2, 3
Let u(p) = -5*p - 10. What are the prime factors of u(-7)?
5
List the prime factors of (-10948)/(-42) - (-2)/6.
3, 29
Let c be 1/6 + (-502)/(-12). Suppose 0*f + c = 3*f. List the prime factors of f.
2, 7
What are the prime factors of 3/((-3)/15 + 84/345)?
3, 23
Suppose 241 = 50*m - 49*m. What are the prime factors of m?
241
Let y(p) = -p**3 - 5*p**2 - 3*p + 4. Let v be y(-4). Suppose k - 14 = 4*j - 0*j, -3*k + j - 2 = v. Let b = 7 + k. List the prime factors of b.
5
Suppose 3*w - 4*s = 0, 5*w - 2*s - 2*s - 8 = 0. Suppose -2*m = -2*l - 2, -5*m - w = 4*l + 27. What are the prime factors of ((-5)/(-1))/((-3)/m)?
5
Suppose 0 = -4*o - 0*i + 2*i + 74, -3*o = 3*i - 33. List the prime factors of o.
2
Let p(c) = c**2 + 9*c + 3. Let o be p(-9). Let n be (-1)/2*(-10 + 0). Let x = n - o. What are the prime factors of x?
2
Let w(n) = 8*n**3 + 2*n**2 - 2*n. Let k be w(2). What are the prime factors of k/5 + 6/15?
2, 7
List the prime factors of 0 + -3 + 1 + 51.
7
Let u(i) = 2*i**2 - 6*i + 8. Suppose 4*t - 8 = 4*y, -2*t = -6*t - 4*y + 40. What are the prime factors of u(t)?
2, 11
List the prime factors of (-51*8)/(-4) + (-4)/2.
2, 5
Let d = -3 + 5. Suppose 2*t - 80 = -d*t. List the prime factors of t.
2, 5
Let z(t) = -t**2 + 5*t + 4. Let j be z(5). Suppose -2*b = 3*p - 32, -j*b + 7*b - 41 = -4*p. What are the prime factors of p?
2, 7
Suppose 3*a - 9 = 3. Suppose y - 5*p - 2 = 0, 3*y = a*p - 9 + 26. List the prime factors of y.
7
Let x = 1 + 4. Suppose -5*q = -x*o - 5, -q = -2*q + 4. Suppose -11 = -2*d + o. List the prime factors of d.
7
Let l = -33 + 76. What are the prime factors of l?
43
Let n be 4*(-1)/10*5. List the prime factors of 4/(-3)*3/n.
2
Let o(t) = -1 + 0*t - 2 + 0*t + 3*t**2 - 3*t. What are the prime factors of o(3)?
3, 5
Let b(y) = 2*y - 7. What are the prime factors of b(12)?
17
Suppose -2*f = -n + 13, -f - 4*f = -4*n + 64. What are the prime factors of n?
3, 7
Let t(q) = q**3 + 11*q**2 + 4*q - 4. Let h be t(-10). Let p = 99 - h. What are the prime factors of p?
43
Let b(h) = h**2 - 5*h - 3. What are the prime factors of b(7)?
11
Let z be ((-1)/(-4))/(6/24). Let h(g) = g + 0*g**3 - 2*g + 4*g**3. List the prime factors of h(z).
3
What are the prime factors of (101 - 0) + 2 + -3?
2, 5
Suppose -51 = b - 4*b. Let g = b + -12. What are the prime factors of g?
5
Let j(g) = -2*g**3 - 3*g**2 + 2*g + 4. What are the prime factors of j(-3)?
5
Suppose 0*z + z = 0. Suppose -3*g - u - 32 + 0 = 0, z = g + 5*u + 20. What are the prime factors of 32/20 - 4/g?
2
Let h = 239 + -160. What are the prime factors of h?
79
Let j = 171 - 56. List the prime factors of j.
5, 23
Let h(d) = -7*d + 1. List the prime factors of h(-1).
2
Let t = -1 + 6. Let g = t + -3. Let q(h) = 4*h**2 + h - 2. What are the prime factors of q(g)?
2
Suppose 3*q - 47 - 3 = 4*d, -4*q + 5*d + 67 = 0. List the prime factors of (-40)/(-6)*q/15.
2
Let r = 29 - 14. Let q = r - -3. List the prime factors of q.
2, 3
Let r(o) = -9*o - 3. Let b be r(-2). What are the prime factors of (-4)/10 - (-231)/b?
3, 5
Let l(p) = p**3 + 2*p**2 - 2*p. Let j be l(2). Let a = -6 + j. Suppose -n + 8 = -a. What are the prime factors of n?
2, 7
Let n be (16/(-6))/((-4)/18). Suppose -a + n = 3*a. List the prime factors of a.
3
Let j(k) = 3*k**2 + 4*k + 4. Let l(c) = c - 3. Let h be l(0). What are the prime factors of j(h)?
19
Let u = -8 - 2. Let b be -1 + 12*u/(-3). Suppose 0 = 5*f + 3*q - b, 2*f = -q + 8 + 8. What are the prime factors of f?
3
Let k(o) = o**3 + 6*o**2 + 5*o + 7. Let z(h) = -2*h + 2. Let c be z(-3). Let w = c - 13. What are the prime factors of k(w)?
7
Let j = 15 + -13. Suppose -3*b - 54 = -j*h, 157 = 7*h - 2*h - 2*b. List the prime factors of h.
3, 11
Let p(y) = -6*y - 22. List the prime factors of p(-18).
2, 43
Suppose 2*r - 6*r = -12. Suppose -2*j + 2 = 0, r*f - 3*j - 41 = -8*j. What are the prime factors of f?
2, 3
Let j = 10 - 8. Suppose -j*r - r + 12 = 0. Suppose 4*o = 4 + r. What are the prime factors of o?
2
Let q(v) = v**3 - 18*v**2 + 20*v + 9. What are the prime factors of q(17)?
2, 3, 5
Suppose 0 = -3*c + 10*c - 308. List the prime factors of c.
2, 11
Let q(x) = x**3 + 4*x**2 - 6*x - 7. Let r be q(-5). Let i be 20/(36/15 + r). Suppose -4*l = l - i. List the prime factors of l.
2, 5
Let i be (-2)/4 + (-1)/(-2). Let r = i - -3. Suppose 3*o + 1 = 5*m - 24, -r*m - 4 = 2*o. What are the prime factors of m?
2
Let b = -2 + 1. Let o(c) = -4*c**3 + c**2. What are the prime factors of o(b)?
5
Let b = 3 - -1. Suppose 33 = h + 4*h - b*w, 0 = 5*h - 2*w - 29. Suppose 0*p - y - 40 = -h*p, 0 = -4*y. List the prime factors of p.
2
Suppose 7*w - 517 = -4*w. List the prime factors of w.
47
Let g = 10 - 5. Suppose -3*m = -2*i - 72, -m + 5*i = -g - 6. What are the prime factors of m?
2, 13
Suppose -2*v + 7 = 2*z - z, 5*v = -5*z + 55. Suppose 0 = l + 3*j + z, -2*l + j = 2*l + 8. Let b = l + 12. What are the prime factors of b?
3
Suppose g + 6 = -0*g. Let u(a) be the first derivative of -a**4/4 - 7*a**3/3 - 9*a**2/2 - 6*a - 3. List th